rime factors of 2529.
3, 281
List the prime factors of 15823.
15823
What are the prime factors of 7742?
2, 7, 79
What are the prime factors of 747?
3, 83
What are the prime factors of 3710?
2, 5, 7, 53
What are the prime factors of 7854?
2, 3, 7, 11, 17
What are the prime factors of 8258?
2, 4129
What are the prime factors of 35?
5, 7
List the prime factors of 31234.
2, 7, 23, 97
List the prime factors of 878.
2, 439
What are the prime factors of 355?
5, 71
List the prime factors of 76646.
2, 19, 2017
What are the prime factors of 2485?
5, 7, 71
What are the prime factors of 974?
2, 487
List the prime factors of 670.
2, 5, 67
What are the prime factors of 4587?
3, 11, 139
List the prime factors of 164.
2, 41
What are the prime factors of 10091?
10091
What are the prime factors of 12750?
2, 3, 5, 17
What are the prime factors of 7045?
5, 1409
What are the prime factors of 5766?
2, 3, 31
What are the prime factors of 51382?
2, 23, 1117
What are the prime factors of 388?
2, 97
What are the prime factors of 47934?
2, 3, 2663
List the prime factors of 6799.
13, 523
List the prime factors of 33191.
33191
What are the prime factors of 76975?
5, 3079
List the prime factors of 1724.
2, 431
List the prime factors of 13438.
2, 6719
List the prime factors of 1915.
5, 383
What are the prime factors of 2129?
2129
List the prime factors of 814.
2, 11, 37
List the prime factors of 7328.
2, 229
List the prime factors of 2498.
2, 1249
What are the prime factors of 23784?
2, 3, 991
What are the prime factors of 345?
3, 5, 23
What are the prime factors of 34686?
2, 3, 41, 47
What are the prime factors of 635?
5, 127
List the prime factors of 6380.
2, 5, 11, 29
List the prime factors of 14323.
14323
List the prime factors of 2285.
5, 457
List the prime factors of 2681.
7, 383
List the prime factors of 280.
2, 5, 7
What are the prime factors of 78118?
2, 139, 281
List the prime factors of 499.
499
List the prime factors of 23585.
5, 53, 89
What are the prime factors of 2958?
2, 3, 17, 29
List the prime factors of 1899.
3, 211
List the prime factors of 36806.
2, 7, 11, 239
What are the prime factors of 61861?
61861
What are the prime factors of 2292?
2, 3, 191
List the prime factors of 27255.
3, 5, 23, 79
List the prime factors of 2452.
2, 613
List the prime factors of 340.
2, 5, 17
What are the prime factors of 1260?
2, 3, 5, 7
List the prime factors of 36233.
19, 1907
List the prime factors of 341.
11, 31
What are the prime factors of 18417?
3, 7, 877
What are the prime factors of 53489?
89, 601
List the prime factors of 53797.
23, 2339
List the prime factors of 1175.
5, 47
What are the prime factors of 42411?
3, 67, 211
What are the prime factors of 1884?
2, 3, 157
List the prime factors of 5411.
7, 773
What are the prime factors of 2698?
2, 19, 71
List the prime factors of 5944.
2, 743
List the prime factors of 1681.
41
What are the prime factors of 523?
523
List the prime factors of 5564.
2, 13, 107
What are the prime factors of 1479?
3, 17, 29
What are the prime factors of 895?
5, 179
What are the prime factors of 10585?
5, 29, 73
What are the prime factors of 34897?
34897
List the prime factors of 6013.
7, 859
What are the prime factors of 9732?
2, 3, 811
What are the prime factors of 1264?
2, 79
What are the prime factors of 876?
2, 3, 73
List the prime factors of 32204.
2, 83, 97
List the prime factors of 1459.
1459
What are the prime factors of 4996?
2, 1249
What are the prime factors of 59575?
5, 2383
List the prime factors of 662.
2, 331
What are the prime factors of 836?
2, 11, 19
List the prime factors of 23188.
2, 11, 17, 31
List the prime factors of 118430.
2, 5, 13, 911
List the prime factors of 11368.
2, 7, 29
What are the prime factors of 1106?
2, 7, 79
List the prime factors of 4259.
4259
What are the prime factors of 686?
2, 7
List the prime factors of 1706.
2, 853
What are the prime factors of 7322?
2, 7, 523
List the prime factors of 2193.
3, 17, 43
What are the prime factors of 8576?
2, 67
What are the prime factors of 2827?
11, 257
What are the prime factors of 32017?
101, 317
List the prime factors of 5360.
2, 5, 67
What are the prime factors of 264?
2, 3, 11
What are the prime factors of 7029?
3, 11, 71
List the prime factors of 49850.
2, 5, 997
List the prime factors of 3595.
5, 719
List the prime factors of 1628.
2, 11, 37
List the prime factors of 3283.
7, 67
List the prime factors of 481.
13, 37
What are the prime factors of 1005?
3, 5, 67
List the prime factors of 1614.
2, 3, 269
What are the prime factors of 14208?
2, 3, 37
List the prime factors of 29707.
61, 487
What are the prime factors of 69051?
3, 23017
What are the prime factors of 1169?
7, 167
List the prime factors of 1025.
5, 41
List the prime factors of 21765.
3, 5, 1451
List the prime factors of 8110.
2, 5, 811
What are the prime factors of 8884?
2, 2221
List the prime factors of 15695.
5, 43, 73
List the prime factors of 902.
2, 11, 41
What are the prime factors of 15039?
3, 557
What are the prime factors of 1109?
1109
List the prime factors of 1602.
2, 3, 89
List the prime factors of 9504.
2, 3, 11
List the prime factors of 107026.
2, 59, 907
List the prime factors of 453.
3, 151
What are the prime factors of 38974?
2, 13, 1499
What are the prime factors of 118109?
83, 1423
List the prime factors of 19794.
2, 3, 3299
List the prime factors of 571.
571
List the prime factors of 1670.
2, 5, 167
What are the prime factors of 25192?
2, 47, 67
List the prime factors of 1298.
2, 11, 59
List the prime factors of 44518.
2, 22259
What are the prime factors of 23344?
2, 1459
What are the prime factors of 4506?
2, 3, 751
What are the prime factors of 535?
5, 107
What are the prime factors of 865?
5, 173
What are the prime factors of 6085?
5, 1217
List the prime factors of 7750.
2, 5, 31
What are the prime factors of 487?
487
List the prime factors of 449.
449
What are the prime factors of 20669?
11, 1879
List the prime factors of 26913.
3, 8971
What are the prime factors of 391?
17, 23
List the prime factors of 28890.
2, 3, 5, 107
What are the prime factors of 30120?
2, 3, 5, 251
List the prime factors of 607.
607
List the prime factors of 14985.
3, 5, 37
List the prime factors of 26854.
2, 29, 463
What are the prime factors of 1225?
5, 7
List the prime factors of 62657.
7, 8951
List the prime factors of 4789.
4789
List the prime factors of 1204.
2, 7, 43
What are the prime factors of 24362?
2, 13, 937
List the prime factors of 234.
2, 3, 13
List the prime factors of 13080.
2, 3, 5, 109
What are the prime factors of 15113?
7, 17, 127
List the prime factors of 780.
2, 3, 5, 13
What are the prime factors of 195?
3, 5, 13
What are the prime factors of 938?
2, 7, 67
What are the prime factors of 56848?
2, 11, 17, 19
List the prime factors of 384.
2, 3
What are the prime factors of 11395?
5, 43, 53
List the prime factors of 358.
2, 179
List the prime factors of 1086.
2, 3, 181
List the prime factors of 353.
353
What are the prime factors of 2987?
29, 103
List the prime factors of 42331.
42331
List the prime factors of 21119.
7, 431
What are the prime factors of 6931?
29, 239
What are the prime factors of 18771?
3, 6257
List the prime factors of 557.
557
List the prime factors of 112.
2, 7
What are the prime factors of 1017?
3, 113
List the prime factors of 12224.
2, 191
List the prime factors of 808.
2, 101
List the prime factors of 99284.
2, 24821
List the prime factors of 16.
2
List the prime factors of 1665.
3, 5, 37
What are the prime factors of 9955?
5, 11, 181
What are the prime factors of 83711?
97, 863
List the prime factors of 112270.
2, 5, 103, 109
What are the prime factors of 30455?
5, 6091
List the prime factors of 2003.
2003
List the prime factors of 3802.
2, 1901
List the prime factors of 1773.
3, 197
List the prime factors of 4394.
2, 13
What are the prime factors of 3827?
43, 89
List the prime factors of 6960.
2, 3, 5, 29
List the prime factors of 36715.
5, 7, 1049
What are the prime factors of 4728?
2, 3, 197
What are the prime factors of 22910?
2, 5, 29, 79
What are the prime factors of 20685?
3, 5, 7, 197
List the prime factors of 2405.
5, 13, 37
List the prime factors of 30702.
2, 3, 7, 17, 43
What are the prime factors of 597?
3, 199
What are the prime factor